{"id":14,"date":"2017-07-15T11:30:29","date_gmt":"2017-07-15T09:30:29","guid":{"rendered":"http:\/\/petit-train.horst-klug.com\/?page_id=14"},"modified":"2022-02-22T19:06:37","modified_gmt":"2022-02-22T18:06:37","slug":"accueil","status":"publish","type":"page","link":"http:\/\/petit-train.horst-klug.com\/","title":{"rendered":"Accueil"},"content":{"rendered":"<p>(Apr\u00e8s : Luc Dupanloup, dit Dupa, (1945 &#8211; 2000), \u00e9tait un sc\u00e9nariste et dessinateur de bandes dessin\u00e9es belge.)<\/p>\n<table style=\"height: 126px;\" width=\"1154\">\n<tbody>\n<tr>\n<td width=\"307\">\n<p style=\"text-align: left; border: 5px solid powderblue; padding: 15px;\"><span style=\"font-family: tahoma, arial, helvetica, sans-serif; font-size: 14pt;\"><strong><br \/>\nDer \u00ab\u00a0KLEINE-KARTOFFEL-ZUG\u00a0\u00bb, fr\u00fchere Eisenbahnnebenstrecke von Landerneau nach Ploun\u00e9our-Brignogan-Plages :<\/strong><\/span><\/p>\n<p style=\"text-align: left; padding: 15px;\"><span style=\"font-family: tahoma, arial, helvetica, sans-serif; font-size: 14pt;\">Er rollte nur kurze Zeit, spielte vielleicht knappe 30 Jahre eine Rolle. Dann verschwand er. N\u00f6rdlich der Eisenbahnhauptstrecke Brest-Rennes gab es in der Vergangenheit im Departement Finist\u00e8re der Bretagne mehrere kleine Departementalbahnen, deren Schicksal ziemlich identisch ist: sie entstanden um die Wende zum vorigen 20. Jahrhundert, erst nach dem gro\u00dfen Eisenbahn-Hype ab Mitte des 19. Jahrhunderts. In der Regel war ihre Bedeutung schon vor dem Zweiten Weltkrieg verloren gegangen. Heute l\u00e4sst sich von ihnen vielfach nicht mehr ein Feldweg finden.<\/span><\/p>\n<p style=\"text-align: left; padding: 15px;\"><span style=\"font-family: tahoma, arial, helvetica, sans-serif; font-size: 14pt;\">Diese Seite widmet sich genau dieser ehemaligen kleinen Bahn. Sie erz\u00e4hlt aber keine lustigen Geschichten, sondern schaut blo\u00df, ob und was f\u00fcr Spuren von ihr blieben. Dabei geht es nicht um Eisenbahn-Nostalgie; \u00ab\u00a0Eisenbahn\u00a0\u00bb war und ist ein demokratisches Prinzip der Fortbewegung und dem Individualverkehr, wird er nun mit Pedalen, mit Strom oder fossilen Brennstoffen betrieben, deutlich \u00fcberlegen. Eisenbahn ist \u00ab\u00a0\u00d6ffentlicher Verkehr\u00a0\u00bb, vielleicht im Wesentlichen \u00f6ffentlicher Personennahverkehr (\u00d6PNV). Der motorisierte Individualverkehr ist und bleibt ein Problem. Wer, warum und wodurch die Eisenbahn als Synonym f\u00fcr \u00f6ffentlichen Verkehr heutzutage schw\u00e4cht oder zerst\u00f6rt, bleibt anderswo zu kl\u00e4ren.<\/span><\/p>\n<p style=\"text-align: left; padding: 15px;\"><span style=\"font-family: tahoma, arial, helvetica, sans-serif; font-size: 14pt;\">Die Geschichte der kleinen Z\u00fcge erz\u00e4hlt auf jeden Fall die Geschichte des Kapitalismus, den nichts anderes interessiert hat, als lohnende Investitionen mit Profit zu realisieren. Das war in unserem Beispiel aber leider nicht m\u00f6glich.&nbsp;Die Planung war nicht immer hinreichend, die Finanzierung d\u00fcrftig, die Ausf\u00fchrung mangelhaft. Der kleine Zug hatte eigentlich sowieso keine Chance. In Konkurrenz mit Autobus und Lkw war er ziemlich unterlegen.<\/span><\/p>\n<p style=\"text-align: left; padding: 15px;\"><span style=\"font-family: tahoma, arial, helvetica, sans-serif; font-size: 14pt;\">Aber so absurd w\u00e4re die Vorstellung, es g\u00e4be auch heute eine gut funktionierende, schienengebundene Nahverkehrsm\u00f6glichkeit, doch gar nicht \u2013 oder? Und m\u00f6glichst als Gemeinschaftsaufgabe des Staates!<\/span><\/p>\n<p>&nbsp;<span style=\"font-family: tahoma, arial, helvetica, sans-serif; font-size: 14pt;\">&nbsp;&nbsp;<\/span><\/td>\n<td style=\"text-align: right;\" width=\"307\">\n<p style=\"border: 5px solid powderblue; padding: 15px;\"><span style=\"font-family: tahoma, arial, helvetica, sans-serif; font-size: 14pt;\"><br \/>\n<strong>Le \u00ab\u00a0PETIT TRAIN PATATE\u00a0\u00bb, petite ligne ferroviaire d\u00e9partementale historique entre Landerneau et Ploun\u00e9our-Brignogan-Plages :<\/strong><\/span><\/p>\n<p style=\"padding: 15px;\"><span style=\"font-family: tahoma, arial, helvetica, sans-serif; font-size: 14pt;\">Il a roul\u00e9 seulement sur une courte p\u00e9riode. Il a jou\u00e9 son r\u00f4le pendant environ 30 ans, puis il a disparu. Au nord de la ligne ferroviaire principale Brest-Rennes, il y avait, \u00e0 l&rsquo;\u00e9poque, dans le Finist\u00e8re plusieurs petites lignes d\u00e9partementales dont le destin a \u00e9t\u00e9 quasiment identique: elles sont apparues au d\u00e9but du si\u00e8cle dernier juste apr\u00e8s le grand buzz du chemin de fer qui a eu lieu \u00e0 partir de la moiti\u00e9 du 19\u00e8me si\u00e8cle. En g\u00e9n\u00e9ral, elles avaient d\u00e9j\u00e0 perdu de leur int\u00e9r\u00eat avant la seconde guerre mondiale. Aujourd&rsquo;hui, on ne trouve plus qu&rsquo;un chemin de terre (si c&rsquo;est encore le cas).<\/span><\/p>\n<p style=\"padding: 15px;\"><span style=\"font-family: tahoma, arial, helvetica, sans-serif; font-size: 14pt;\">Ce site va traiter pr\u00e9cis\u00e9ment de cette ancienne petite ligne ferroviaire. Il ne racontera pas d&rsquo;histoires dr\u00f4les mais essaiera de pr\u00e9ciser s\u2019il y a des traces qui sont rest\u00e9es. Il ne s&rsquo;agit pas de \u00ab\u00a0nostalgie ferroviaire\u00a0\u00bb; le chemin de fer reste et restera un principe d\u00e9mocratique de d\u00e9placement favorable aux transports individuels, m\u00fb \u00e0 l&rsquo;aide de l&rsquo;\u00e9nergie musculaire (p\u00e9dales), \u00e9lectrique ou fossile. \u00ab\u00a0Chemin de fer\u00a0\u00bb signifiera principalement transports publics. Quant au trafic individuel motoris\u00e9, il est et restera un r\u00e9el probl\u00e8me. Par qui, pourquoi et par quoi le chemin de fer, aujourd&rsquo;hui synonyme de transports publics, est aujourd&rsquo;hui menac\u00e9? Cela reste \u00e0 d\u00e9terminer.<\/span><\/p>\n<p style=\"padding: 15px;\"><span style=\"font-family: tahoma, arial, helvetica, sans-serif; font-size: 14pt;\">L&rsquo;histoire des petits trains raconte dans tous les cas l&rsquo;histoire du capitalisme qui ne s&rsquo;int\u00e9resse qu&rsquo;\u00e0 r\u00e9aliser des profits avec des investissements rentables. Malheureusement dans notre cas ce n&rsquo;\u00e9tait pas possible: la planification n&rsquo;\u00e9tait pas toujours suffisante, le financement trop faible et l&rsquo;ex\u00e9cution d\u00e9ficiente! Le petit train n&rsquo;avait aucune chance face aux cars et aux camions: il n&rsquo;a pas convaincu.<\/span><\/p>\n<p style=\"padding: 15px;\"><span style=\"font-family: tahoma, arial, helvetica, sans-serif; font-size: 14pt;\">Est-il vraiment absurde de vouloir penser qu&rsquo;il y a une chance d&rsquo;avoir des transports publics par rails qui fonctionnent bien et de consid\u00e9rer que c&rsquo;est un devoir communautaire de l&rsquo;Etat?<\/span><\/p>\n<\/td>\n<\/tr>\n<\/tbody>\n<\/table>\n<p><a href=\"http:\/\/petit-train.horst-klug.com\/wp-content\/uploads\/2018\/05\/CarteDepartementales29.jpg\" target=\"_blank\" rel=\"noopener noreferrer\"><img loading=\"lazy\" decoding=\"async\" class=\"wp-image-81 alignright\" title=\"Carte d\u00e9partementale avec des lignes ferroviaires historiques\" src=\"http:\/\/petit-train.horst-klug.com\/wp-content\/uploads\/2018\/05\/CarteDepartementales29-219x300.jpg\" alt=\"\" width=\"400\" height=\"549\" srcset=\"http:\/\/petit-train.horst-klug.com\/wp-content\/uploads\/2018\/05\/CarteDepartementales29-219x300.jpg 219w, http:\/\/petit-train.horst-klug.com\/wp-content\/uploads\/2018\/05\/CarteDepartementales29-768x1054.jpg 768w, http:\/\/petit-train.horst-klug.com\/wp-content\/uploads\/2018\/05\/CarteDepartementales29-746x1024.jpg 746w, http:\/\/petit-train.horst-klug.com\/wp-content\/uploads\/2018\/05\/CarteDepartementales29.jpg 876w\" sizes=\"auto, (max-width: 400px) 100vw, 400px\" \/><\/a><\/p>\n<p style=\"text-align: justify;\"><span style=\"font-family: tahoma, arial, helvetica, sans-serif; font-size: 12pt;\"><span style=\"font-family: tahoma, arial, helvetica, sans-serif;\"><b>Pour offrir votre propre syst\u00e8me de messagerie en cas de m&rsquo;envoyer un message &#8211; cliquez au-dessous (cela fonctionne seulement, si vous avez configur\u00e9 un tel <\/b><b>syst\u00e8me de messagerie , des logiciels comme OUTLOOK ou THUNDERBIRD ou d&rsquo;autres ; autrement il faut utiliser cette adresse \u00e0 commande manuelle<\/b><b>) :<\/b><\/span><\/span><\/p>\n<p><span style=\"font-size: 14pt; font-family: helvetica,arial,sans-serif;\"><a href=\"mailto:contact@petit-train.horst-klug.com\">contact@petit-train.horst-klug.com<\/a> &nbsp;<\/span><\/p>\n<p><span style=\"font-size: 14pt; font-family: tahoma, arial, helvetica, sans-serif;\">Amusez vous et restez courieux.<\/span><\/p>\n<p>&nbsp;<\/p>\n","protected":false},"excerpt":{"rendered":"<p>(Apr\u00e8s : Luc Dupanloup, dit Dupa, (1945 &#8211; 2000), \u00e9tait un sc\u00e9nariste et dessinateur de bandes dessin\u00e9es belge.) Der \u00ab\u00a0KLEINE-KARTOFFEL-ZUG\u00a0\u00bb,&hellip;<\/p>\n","protected":false},"author":1,"featured_media":0,"parent":0,"menu_order":0,"comment_status":"closed","ping_status":"closed","template":"full-width.php","meta":{"ngg_post_thumbnail":0,"footnotes":""},"class_list":["post-14","page","type-page","status-publish","hentry"],"_links":{"self":[{"href":"http:\/\/petit-train.horst-klug.com\/index.php?rest_route=\/wp\/v2\/pages\/14","targetHints":{"allow":["GET"]}}],"collection":[{"href":"http:\/\/petit-train.horst-klug.com\/index.php?rest_route=\/wp\/v2\/pages"}],"about":[{"href":"http:\/\/petit-train.horst-klug.com\/index.php?rest_route=\/wp\/v2\/types\/page"}],"author":[{"embeddable":true,"href":"http:\/\/petit-train.horst-klug.com\/index.php?rest_route=\/wp\/v2\/users\/1"}],"replies":[{"embeddable":true,"href":"http:\/\/petit-train.horst-klug.com\/index.php?rest_route=%2Fwp%2Fv2%2Fcomments&post=14"}],"version-history":[{"count":106,"href":"http:\/\/petit-train.horst-klug.com\/index.php?rest_route=\/wp\/v2\/pages\/14\/revisions"}],"predecessor-version":[{"id":325,"href":"http:\/\/petit-train.horst-klug.com\/index.php?rest_route=\/wp\/v2\/pages\/14\/revisions\/325"}],"wp:attachment":[{"href":"http:\/\/petit-train.horst-klug.com\/index.php?rest_route=%2Fwp%2Fv2%2Fmedia&parent=14"}],"curies":[{"name":"wp","href":"https:\/\/api.w.org\/{rel}","templated":true}]}}

<p>(Après : Luc Dupanloup, dit Dupa, (1945 &#8211; 2000), était un scénariste et dessinateur de bandes dessinées belge.)</p>
<table style="height: 126px;" width="1154">
<tbody>
<tr>
<td width="307">
<p style="text-align: left; border: 5px solid powderblue; padding: 15px;"><span style="font-family: tahoma, arial, helvetica, sans-serif; font-size: 14pt;"><strong><br />
Der « KLEINE-KARTOFFEL-ZUG », frühere Eisenbahnnebenstrecke von Landerneau nach Plounéour-Brignogan-Plages :</strong></span></p>
<p style="text-align: left; padding: 15px;"><span style="font-family: tahoma, arial, helvetica, sans-serif; font-size: 14pt;">Er rollte nur kurze Zeit, spielte vielleicht knappe 30 Jahre eine Rolle. Dann verschwand er. Nördlich der Eisenbahnhauptstrecke Brest-Rennes gab es in der Vergangenheit im Departement Finistère der Bretagne mehrere kleine Departementalbahnen, deren Schicksal ziemlich identisch ist: sie entstanden um die Wende zum vorigen 20. Jahrhundert, erst nach dem großen Eisenbahn-Hype ab Mitte des 19. Jahrhunderts. In der Regel war ihre Bedeutung schon vor dem Zweiten Weltkrieg verloren gegangen. Heute lässt sich von ihnen vielfach nicht mehr ein Feldweg finden.</span></p>
<p style="text-align: left; padding: 15px;"><span style="font-family: tahoma, arial, helvetica, sans-serif; font-size: 14pt;">Diese Seite widmet sich genau dieser ehemaligen kleinen Bahn. Sie erzählt aber keine lustigen Geschichten, sondern schaut bloß, ob und was für Spuren von ihr blieben. Dabei geht es nicht um Eisenbahn-Nostalgie; « Eisenbahn » war und ist ein demokratisches Prinzip der Fortbewegung und dem Individualverkehr, wird er nun mit Pedalen, mit Strom oder fossilen Brennstoffen betrieben, deutlich überlegen. Eisenbahn ist « Öffentlicher Verkehr », vielleicht im Wesentlichen öffentlicher Personennahverkehr (ÖPNV). Der motorisierte Individualverkehr ist und bleibt ein Problem. Wer, warum und wodurch die Eisenbahn als Synonym für öffentlichen Verkehr heutzutage schwächt oder zerstört, bleibt anderswo zu klären.</span></p>
<p style="text-align: left; padding: 15px;"><span style="font-family: tahoma, arial, helvetica, sans-serif; font-size: 14pt;">Die Geschichte der kleinen Züge erzählt auf jeden Fall die Geschichte des Kapitalismus, den nichts anderes interessiert hat, als lohnende Investitionen mit Profit zu realisieren. Das war in unserem Beispiel aber leider nicht möglich.&nbsp;Die Planung war nicht immer hinreichend, die Finanzierung dürftig, die Ausführung mangelhaft. Der kleine Zug hatte eigentlich sowieso keine Chance. In Konkurrenz mit Autobus und Lkw war er ziemlich unterlegen.</span></p>
<p style="text-align: left; padding: 15px;"><span style="font-family: tahoma, arial, helvetica, sans-serif; font-size: 14pt;">Aber so absurd wäre die Vorstellung, es gäbe auch heute eine gut funktionierende, schienengebundene Nahverkehrsmöglichkeit, doch gar nicht – oder? Und möglichst als Gemeinschaftsaufgabe des Staates!</span></p>
<p>&nbsp;<span style="font-family: tahoma, arial, helvetica, sans-serif; font-size: 14pt;">&nbsp;&nbsp;</span></td>
<td style="text-align: right;" width="307">
<p style="border: 5px solid powderblue; padding: 15px;"><span style="font-family: tahoma, arial, helvetica, sans-serif; font-size: 14pt;"><br />
<strong>Le « PETIT TRAIN PATATE », petite ligne ferroviaire départementale historique entre Landerneau et Plounéour-Brignogan-Plages :</strong></span></p>
<p style="padding: 15px;"><span style="font-family: tahoma, arial, helvetica, sans-serif; font-size: 14pt;">Il a roulé seulement sur une courte période. Il a joué son rôle pendant environ 30 ans, puis il a disparu. Au nord de la ligne ferroviaire principale Brest-Rennes, il y avait, à l&rsquo;époque, dans le Finistère plusieurs petites lignes départementales dont le destin a été quasiment identique: elles sont apparues au début du siècle dernier juste après le grand buzz du chemin de fer qui a eu lieu à partir de la moitié du 19ème siècle. En général, elles avaient déjà perdu de leur intérêt avant la seconde guerre mondiale. Aujourd&rsquo;hui, on ne trouve plus qu&rsquo;un chemin de terre (si c&rsquo;est encore le cas).</span></p>
<p style="padding: 15px;"><span style="font-family: tahoma, arial, helvetica, sans-serif; font-size: 14pt;">Ce site va traiter précisément de cette ancienne petite ligne ferroviaire. Il ne racontera pas d&rsquo;histoires drôles mais essaiera de préciser s’il y a des traces qui sont restées. Il ne s&rsquo;agit pas de « nostalgie ferroviaire »; le chemin de fer reste et restera un principe démocratique de déplacement favorable aux transports individuels, mû à l&rsquo;aide de l&rsquo;énergie musculaire (pédales), électrique ou fossile. « Chemin de fer » signifiera principalement transports publics. Quant au trafic individuel motorisé, il est et restera un réel problème. Par qui, pourquoi et par quoi le chemin de fer, aujourd&rsquo;hui synonyme de transports publics, est aujourd&rsquo;hui menacé? Cela reste à déterminer.</span></p>
<p style="padding: 15px;"><span style="font-family: tahoma, arial, helvetica, sans-serif; font-size: 14pt;">L&rsquo;histoire des petits trains raconte dans tous les cas l&rsquo;histoire du capitalisme qui ne s&rsquo;intéresse qu&rsquo;à réaliser des profits avec des investissements rentables. Malheureusement dans notre cas ce n&rsquo;était pas possible: la planification n&rsquo;était pas toujours suffisante, le financement trop faible et l&rsquo;exécution déficiente! Le petit train n&rsquo;avait aucune chance face aux cars et aux camions: il n&rsquo;a pas convaincu.</span></p>
<p style="padding: 15px;"><span style="font-family: tahoma, arial, helvetica, sans-serif; font-size: 14pt;">Est-il vraiment absurde de vouloir penser qu&rsquo;il y a une chance d&rsquo;avoir des transports publics par rails qui fonctionnent bien et de considérer que c&rsquo;est un devoir communautaire de l&rsquo;Etat?</span></p>
</td>
</tr>
</tbody>
</table>
<p><a href="http://petit-train.horst-klug.com/wp-content/uploads/2018/05/CarteDepartementales29.jpg" target="_blank" rel="noopener noreferrer"><img loading="lazy" decoding="async" class="wp-image-81 alignright" title="Carte départementale avec des lignes ferroviaires historiques" src="http://petit-train.horst-klug.com/wp-content/uploads/2018/05/CarteDepartementales29-219x300.jpg" alt="" width="400" height="549" srcset="http://petit-train.horst-klug.com/wp-content/uploads/2018/05/CarteDepartementales29-219x300.jpg 219w, http://petit-train.horst-klug.com/wp-content/uploads/2018/05/CarteDepartementales29-768x1054.jpg 768w, http://petit-train.horst-klug.com/wp-content/uploads/2018/05/CarteDepartementales29-746x1024.jpg 746w, http://petit-train.horst-klug.com/wp-content/uploads/2018/05/CarteDepartementales29.jpg 876w" sizes="auto, (max-width: 400px) 100vw, 400px" /></a></p>
<p style="text-align: justify;"><span style="font-family: tahoma, arial, helvetica, sans-serif; font-size: 12pt;"><span style="font-family: tahoma, arial, helvetica, sans-serif;"><b>Pour offrir votre propre système de messagerie en cas de m&rsquo;envoyer un message &#8211; cliquez au-dessous (cela fonctionne seulement, si vous avez configuré un tel </b><b>système de messagerie , des logiciels comme OUTLOOK ou THUNDERBIRD ou d&rsquo;autres ; autrement il faut utiliser cette adresse à commande manuelle</b><b>) :</b></span></span></p>
<p><span style="font-size: 14pt; font-family: helvetica,arial,sans-serif;"><a href="mailto:contact@petit-train.horst-klug.com">contact@petit-train.horst-klug.com</a> &nbsp;</span></p>
<p><span style="font-size: 14pt; font-family: tahoma, arial, helvetica, sans-serif;">Amusez vous et restez courieux.</span></p>
<p>&nbsp;</p>

<p>(Après : Luc Dupanloup, dit Dupa, (1945 &#8211; 2000), était un scénariste et dessinateur de bandes dessinées belge.) Der « KLEINE-KARTOFFEL-ZUG »,&hellip;</p>
